[INFO] fetching crate drone-micropython-core 0.1.1...
[INFO] checking drone-micropython-core-0.1.1 against try#72f88fc4e9458f89516a0b8b0868f3718aec5b47 for pr-74989
[INFO] extracting crate drone-micropython-core 0.1.1 into /workspace/builds/worker-4/source
[INFO] validating manifest of crates.io crate drone-micropython-core 0.1.1 on toolchain 72f88fc4e9458f89516a0b8b0868f3718aec5b47
[INFO] running `Command { std: "/workspace/cargo-home/bin/cargo" "+72f88fc4e9458f89516a0b8b0868f3718aec5b47" "read-manifest" "--manifest-path" "Cargo.toml", kill_on_drop: false }`
[INFO] removed /workspace/builds/worker-4/source/.cargo/config
[INFO] started tweaking crates.io crate drone-micropython-core 0.1.1
[INFO] finished tweaking crates.io crate drone-micropython-core 0.1.1
[INFO] tweaked toml for crates.io crate drone-micropython-core 0.1.1 written to /workspace/builds/worker-4/source/Cargo.toml
[INFO] running `Command { std: "/workspace/cargo-home/bin/cargo" "+72f88fc4e9458f89516a0b8b0868f3718aec5b47" "generate-lockfile" "--manifest-path" "Cargo.toml" "-Zno-index-update", kill_on_drop: false }`
[INFO] running `Command { std: "/workspace/cargo-home/bin/cargo" "+72f88fc4e9458f89516a0b8b0868f3718aec5b47" "fetch" "--locked" "--manifest-path" "Cargo.toml", kill_on_drop: false }`
[INFO] running `Command { std: "docker" "create" "-v" "/var/lib/crater-agent-workspace/builds/worker-4/target:/opt/rustwide/target:rw,Z" "-v" "/var/lib/crater-agent-workspace/builds/worker-4/source:/opt/rustwide/workdir:ro,Z" "-v" "/var/lib/crater-agent-workspace/cargo-home:/opt/rustwide/cargo-home:ro,Z" "-v" "/var/lib/crater-agent-workspace/rustup-home:/opt/rustwide/rustup-home:ro,Z" "-e" "SOURCE_DIR=/opt/rustwide/workdir" "-e" "CARGO_TARGET_DIR=/opt/rustwide/target" "-e" "CARGO_HOME=/opt/rustwide/cargo-home" "-e" "RUSTUP_HOME=/opt/rustwide/rustup-home" "-w" "/opt/rustwide/workdir" "-m" "1610612736" "--user" "0:0" "--network" "none" "rustops/crates-build-env@sha256:d92eaeed33fa75130ca1ee6c8a01d1ffb62bac859dfdfb3450e3e5d1c0146529" "/opt/rustwide/cargo-home/bin/cargo" "+72f88fc4e9458f89516a0b8b0868f3718aec5b47" "metadata" "--no-deps" "--format-version=1", kill_on_drop: false }`
[INFO] [stdout] 6eacc0467d1394473b661bd34bfc6269f5b5e617249212cb02adb56620daf014
[INFO] [stderr] WARNING: Your kernel does not support swap limit capabilities or the cgroup is not mounted. Memory limited without swap.
[INFO] running `Command { std: "docker" "start" "-a" "6eacc0467d1394473b661bd34bfc6269f5b5e617249212cb02adb56620daf014", kill_on_drop: false }`
[INFO] running `Command { std: "docker" "inspect" "6eacc0467d1394473b661bd34bfc6269f5b5e617249212cb02adb56620daf014", kill_on_drop: false }`
[INFO] running `Command { std: "docker" "rm" "-f" "6eacc0467d1394473b661bd34bfc6269f5b5e617249212cb02adb56620daf014", kill_on_drop: false }`
[INFO] [stdout] 6eacc0467d1394473b661bd34bfc6269f5b5e617249212cb02adb56620daf014
[INFO] running `Command { std: "docker" "create" "-v" "/var/lib/crater-agent-workspace/builds/worker-4/target:/opt/rustwide/target:rw,Z" "-v" "/var/lib/crater-agent-workspace/builds/worker-4/source:/opt/rustwide/workdir:ro,Z" "-v" "/var/lib/crater-agent-workspace/cargo-home:/opt/rustwide/cargo-home:ro,Z" "-v" "/var/lib/crater-agent-workspace/rustup-home:/opt/rustwide/rustup-home:ro,Z" "-e" "SOURCE_DIR=/opt/rustwide/workdir" "-e" "CARGO_TARGET_DIR=/opt/rustwide/target" "-e" "CARGO_INCREMENTAL=0" "-e" "RUST_BACKTRACE=full" "-e" "RUSTFLAGS=--cap-lints=forbid" "-e" "CARGO_HOME=/opt/rustwide/cargo-home" "-e" "RUSTUP_HOME=/opt/rustwide/rustup-home" "-w" "/opt/rustwide/workdir" "-m" "1610612736" "--user" "0:0" "--network" "none" "rustops/crates-build-env@sha256:d92eaeed33fa75130ca1ee6c8a01d1ffb62bac859dfdfb3450e3e5d1c0146529" "/opt/rustwide/cargo-home/bin/cargo" "+72f88fc4e9458f89516a0b8b0868f3718aec5b47" "check" "--frozen" "--all" "--all-targets" "--message-format=json", kill_on_drop: false }`
[INFO] [stderr] WARNING: Your kernel does not support swap limit capabilities or the cgroup is not mounted. Memory limited without swap.
[INFO] [stdout] be1b9b5e562376ef2fdd817a79f9702401ac4fd00ef26a66e3ce4b188eb0ba95
[INFO] running `Command { std: "docker" "start" "-a" "be1b9b5e562376ef2fdd817a79f9702401ac4fd00ef26a66e3ce4b188eb0ba95", kill_on_drop: false }`
[INFO] [stderr]    Compiling memchr v2.3.3
[INFO] [stderr]    Compiling unicode-xid v0.1.0
[INFO] [stderr]    Compiling lazy_static v1.4.0
[INFO] [stderr]    Compiling regex-syntax v0.6.18
[INFO] [stderr]     Checking futures-core-preview v0.2.3
[INFO] [stderr]    Compiling glob v0.2.11
[INFO] [stderr]    Compiling bitflags v1.2.1
[INFO] [stderr]    Compiling proc-macro2 v0.4.30
[INFO] [stderr]    Compiling log v0.4.11
[INFO] [stderr]    Compiling unicode-width v0.1.8
[INFO] [stderr]    Compiling cfg-if v0.1.10
[INFO] [stderr]     Checking either v1.6.0
[INFO] [stderr]    Compiling quick-error v1.2.3
[INFO] [stderr]    Compiling ansi_term v0.11.0
[INFO] [stderr]    Compiling strsim v0.8.0
[INFO] [stderr]    Compiling bindgen v0.37.4
[INFO] [stderr]    Compiling termcolor v1.1.0
[INFO] [stderr]    Compiling vec_map v0.8.2
[INFO] [stderr]    Compiling unicode-xid v0.0.4
[INFO] [stderr]    Compiling quote v0.3.15
[INFO] [stderr]    Compiling peeking_take_while v0.1.2
[INFO] [stderr]    Compiling make-cmd v0.1.0
[INFO] [stderr]    Compiling if_chain v0.1.3
[INFO] [stderr]     Checking drone-ctypes v0.8.3
[INFO] [stderr]     Checking failure v0.1.1
[INFO] [stderr]    Compiling libloading v0.5.2
[INFO] [stderr]    Compiling thread_local v1.0.1
[INFO] [stderr]    Compiling proc-macro2 v0.3.5
[INFO] [stderr]    Compiling textwrap v0.11.0
[INFO] [stderr]    Compiling humantime v1.3.0
[INFO] [stderr]     Checking futures-channel-preview v0.2.2
[INFO] [stderr]     Checking futures-io-preview v0.2.2
[INFO] [stderr]    Compiling synom v0.11.3
[INFO] [stderr]    Compiling libc v0.2.77
[INFO] [stderr]     Checking futures-sink-preview v0.2.2
[INFO] [stderr]    Compiling syn v0.11.11
[INFO] [stderr]     Checking futures-util-preview v0.2.2
[INFO] [stderr]    Compiling quote v0.5.2
[INFO] [stderr]    Compiling clang-sys v0.23.0
[INFO] [stderr]    Compiling aho-corasick v0.7.13
[INFO] [stderr]    Compiling atty v0.2.14
[INFO] [stderr]    Compiling memchr v1.0.2
[INFO] [stderr]    Compiling which v1.0.5
[INFO] [stderr]    Compiling quote v0.6.13
[INFO] [stderr]    Compiling clap v2.33.3
[INFO] [stderr]    Compiling nom v3.2.1
[INFO] [stderr]     Checking futures-executor-preview v0.2.2
[INFO] [stderr]    Compiling syn v0.14.9
[INFO] [stderr]     Checking futures-stable-preview v0.2.3
[INFO] [stderr]     Checking futures-async-runtime-preview v0.2.3
[INFO] [stderr]     Checking futures-preview v0.2.2
[INFO] [stderr]    Compiling synstructure v0.6.1
[INFO] [stderr]    Compiling cexpr v0.2.3
[INFO] [stderr]    Compiling regex v1.3.9
[INFO] [stderr]    Compiling failure_derive v0.1.1
[INFO] [stderr]    Compiling env_logger v0.5.13
[INFO] [stderr]    Compiling Inflector v0.11.4
[INFO] [stderr]    Compiling drone-macros-core v0.8.3
[INFO] [stderr]    Compiling drone-core-macros v0.8.3
[INFO] [stdout] error[E0599]: no function or associated item named `def_site` found for struct `proc_macro2::Span` in the current scope
[INFO] [stdout]    --> /opt/rustwide/cargo-home/registry/src/github.com-1ecc6299db9ec823/drone-core-macros-0.8.3/src/bitfield.rs:106:38
[INFO] [stdout]     |
[INFO] [stdout] 106 |   let (def_site, call_site) = (Span::def_site(), Span::call_site());
[INFO] [stdout]     |                                      ^^^^^^^^ function or associated item not found in `proc_macro2::Span`
[INFO] [stdout] 
[INFO] [stdout] 
[INFO] [stdout] error[E0599]: no function or associated item named `def_site` found for struct `proc_macro2::Span` in the current scope
[INFO] [stdout]   --> /opt/rustwide/cargo-home/registry/src/github.com-1ecc6299db9ec823/drone-core-macros-0.8.3/src/drv/driver.rs:36:24
[INFO] [stdout]    |
[INFO] [stdout] 36 |   let def_site = Span::def_site();
[INFO] [stdout]    |                        ^^^^^^^^ function or associated item not found in `proc_macro2::Span`
[INFO] [stdout] 
[INFO] [stdout] 
[INFO] [stdout] error[E0599]: no function or associated item named `def_site` found for struct `proc_macro2::Span` in the current scope
[INFO] [stdout]  --> /opt/rustwide/cargo-home/registry/src/github.com-1ecc6299db9ec823/drone-core-macros-0.8.3/src/drv/resource.rs:6:24
[INFO] [stdout]   |
[INFO] [stdout] 6 |   let def_site = Span::def_site();
[INFO] [stdout]   |                        ^^^^^^^^ function or associated item not found in `proc_macro2::Span`
[INFO] [stdout] 
[INFO] [stdout] 
[INFO] [stdout] error[E0599]: no function or associated item named `def_site` found for struct `proc_macro2::Span` in the current scope
[INFO] [stdout]   --> /opt/rustwide/cargo-home/registry/src/github.com-1ecc6299db9ec823/drone-core-macros-0.8.3/src/heap.rs:67:38
[INFO] [stdout]    |
[INFO] [stdout] 67 |   let (def_site, call_site) = (Span::def_site(), Span::call_site());
[INFO] [stdout]    |                                      ^^^^^^^^ function or associated item not found in `proc_macro2::Span`
[INFO] [stdout] 
[INFO] [stdout] 
[INFO] [stdout] error[E0599]: no function or associated item named `def_site` found for struct `proc_macro2::Span` in the current scope
[INFO] [stdout]    --> /opt/rustwide/cargo-home/registry/src/github.com-1ecc6299db9ec823/drone-core-macros-0.8.3/src/reg/map.rs:102:38
[INFO] [stdout]     |
[INFO] [stdout] 102 |   let (def_site, call_site) = (Span::def_site(), Span::call_site());
[INFO] [stdout]     |                                      ^^^^^^^^ function or associated item not found in `proc_macro2::Span`
[INFO] [stdout] 
[INFO] [stdout] 
[INFO] [stdout] error[E0599]: no function or associated item named `def_site` found for struct `proc_macro2::Span` in the current scope
[INFO] [stdout]    --> /opt/rustwide/cargo-home/registry/src/github.com-1ecc6299db9ec823/drone-core-macros-0.8.3/src/reg/map.rs:292:38
[INFO] [stdout]     |
[INFO] [stdout] 292 |   let (def_site, call_site) = (Span::def_site(), Span::call_site());
[INFO] [stdout]     |                                      ^^^^^^^^ function or associated item not found in `proc_macro2::Span`
[INFO] [stdout] 
[INFO] [stdout] 
[INFO] [stdout] error[E0599]: no function or associated item named `def_site` found for struct `proc_macro2::Span` in the current scope
[INFO] [stdout]    --> /opt/rustwide/cargo-home/registry/src/github.com-1ecc6299db9ec823/drone-core-macros-0.8.3/src/reg/tokens.rs:105:38
[INFO] [stdout]     |
[INFO] [stdout] 105 |   let (def_site, call_site) = (Span::def_site(), Span::call_site());
[INFO] [stdout]     |                                      ^^^^^^^^ function or associated item not found in `proc_macro2::Span`
[INFO] [stdout] 
[INFO] [stdout] 
[INFO] [stdout] error[E0599]: no function or associated item named `def_site` found for struct `proc_macro2::Span` in the current scope
[INFO] [stdout]   --> /opt/rustwide/cargo-home/registry/src/github.com-1ecc6299db9ec823/drone-core-macros-0.8.3/src/thr.rs:48:38
[INFO] [stdout]    |
[INFO] [stdout] 48 |   let (def_site, call_site) = (Span::def_site(), Span::call_site());
[INFO] [stdout]    |                                      ^^^^^^^^ function or associated item not found in `proc_macro2::Span`
[INFO] [stdout] 
[INFO] [stdout] 
[INFO] [stdout] error: aborting due to 8 previous errors
[INFO] [stdout] 
[INFO] [stdout] 
[INFO] [stdout] For more information about this error, try `rustc --explain E0599`.
[INFO] [stdout] 
[INFO] [stderr] error: could not compile `drone-core-macros`.
[INFO] [stderr] 
[INFO] [stderr] To learn more, run the command again with --verbose.
[INFO] [stderr] warning: build failed, waiting for other jobs to finish...
[INFO] [stderr] error: build failed
[INFO] running `Command { std: "docker" "inspect" "be1b9b5e562376ef2fdd817a79f9702401ac4fd00ef26a66e3ce4b188eb0ba95", kill_on_drop: false }`
[INFO] running `Command { std: "docker" "rm" "-f" "be1b9b5e562376ef2fdd817a79f9702401ac4fd00ef26a66e3ce4b188eb0ba95", kill_on_drop: false }`
[INFO] [stdout] be1b9b5e562376ef2fdd817a79f9702401ac4fd00ef26a66e3ce4b188eb0ba95
